 What is the greatest common factor of v and 2725?
25
Suppose -3338 = -32*i + 1014. Let j = 200 - i. Calculate the greatest common factor of j and 208.
16
Let r be (-3)/(-9)*((-2)/2 + -614). Let w = r + 373. What is the highest common divisor of w and 70?
14
Suppose -34*q = -6*q - 426972. Calculate the highest common factor of q and 23.
23
Let h = 255 + -257. Let v be (-10)/((-58)/(-203)*h/22). What is the greatest common factor of v and 35?
35
Let d(m) be the third derivative of 2*m**5/5 - 15*m**2 - 1. Let j be d(-1). Suppose -12 = -2*c - 0*c. Calculate the highest common factor of c and j.
6
Let x = -3619 - -3633. Calculate the highest common divisor of 4914 and x.
14
Let m = 7121 - 7055. Calculate the greatest common divisor of 582 and m.
6
Let m be 400 + -6 + 4 - -1. Suppose -m + 387 = -6*y. Calculate the highest common divisor of 46 and y.
2
Let i be (96/(-10))/(-6) + 8/20. Let s(w) = 28*w**2 - 17*w + 39. Let m be s(i). Calculate the highest common divisor of 9 and m.
9
Let y(b) = -42*b + 1320. Let x be y(30). Suppose -4*g - 2*c = -430, 2*c = 4*g - 0*c - 434. Calculate the greatest common divisor of g and x.
12
Suppose 9709 = 33*p + 8917. Let x be (-3)/(-9) - 71/(-3). What is the greatest common divisor of p and x?
24
Let o be (3/2)/(1/42). Suppose -16 = -13*a + 10*a + 5*r, -3*a + 10 = -2*r. Let u be a/(-33) - 26372/(-627). Calculate the greatest common divisor of u and o.
21
Suppose 112 = 4*o + 2*l, -83 = -3*o + 224*l - 225*l. What is the highest common divisor of o and 702?
27
Let o be 4/(-22) - (7 + (-2079)/121). Let a(r) = -r**2 + 21*r - 15. Let s be a(o). Calculate the greatest common divisor of s and 57.
19
Let c(b) = b**3 - 42*b**2 + 120*b + 71. Let s be c(41). Calculate the greatest common factor of s and 10.
10
Suppose -29 = -5*v - s, v - 3*v + 2*s + 14 = 0. Let u be ((-54)/v)/(-1 - (-10)/12). Calculate the highest common divisor of u and 48.
6
Suppose g = -4*s + 693, 0 = -4*s - 3*g + 867 - 180. Calculate the highest common divisor of 1798 and s.
58
Let r be (-3152334)/(-138)*3/3. Calculate the highest common divisor of r and 53.
53
Let h be 1/(10/(-402))*2790/(-54). Calculate the highest common divisor of 31 and h.
31
Let l = -20376 + 20424. What is the highest common divisor of 376 and l?
8
Let y(z) = z**2 + 18*z + 6. Let b be y(-8). Let f = -38 - b. Suppose -4*q - i = -6*i - 84, 3*q = -3*i + f. What is the greatest common factor of q and 1?
1
Suppose -23*j = -7*j + 256. Let x be 100/(-6)*24/j. What is the highest common divisor of x and 10?
5
Let u(j) = -20*j - 11. Let b be u(-5). Suppose s - 69 = -3*z - 26, b = 4*z - 5*s. Suppose 70 = 2*y + z. What is the greatest common divisor of y and 27?
27
Let r(w) = -45*w - 2. Let o be r(-2). Suppose -1 = -3*b + 8. Suppose -40 = -4*q - 4*g, b*q = 7*g - 3*g + 37. Calculate the greatest common factor of q and o.
11
Let d(k) be the first derivative of 26*k**2 - 44*k + 61. Let n be d(5). What is the highest common factor of n and 24?
24
Let z be -32 - ((-10)/(-5) + -4). Let q = z + 34. Suppose 400 = -q*d + 9*d. What is the highest common factor of d and 20?
20
Let q be (-248)/310*(466/(-8) - (-6)/8). Calculate the highest common factor of q and 12190.
46
Let d(l) = -l**3 - 2*l**2 + 15*l + 40. Let x be d(-4). Let v be ((-56)/8)/(2/x*-3). Calculate the highest common factor of v and 14.
14
Suppose -1462*r - 107152 = -1536*r. Calculate the greatest common divisor of 32 and r.
8
Let d be 10/(7 - 5) + 37 + 21. Calculate the greatest common factor of d and 243.
9
Suppose 3*q + 8 - 2 = 0. Let o(j) be the first derivative of -5*j**2 + 12*j - 408. Let r be o(q). Calculate the highest common divisor of 16 and r.
16
Let o(a) = a**3 + 19*a**2 + 249*a + 3718. Let q be o(-17). Let b(f) = 5*f**2 - 9*f + 7. Let h be b(-7). What is the highest common factor of q and h?
63
Let f(h) = -40*h**3 + 7*h**2 + 66*h + 35. Let t be f(-5). What is the highest common divisor of 60 and t?
20
Let p(t) = 5*t**2 - 11*t**2 - 17 - t**2 - 14*t - 3*t**3 - 6*t**2. Let l be p(-6). Calculate the greatest common divisor of l and 13.
13
Let n(l) = -23 + 22 - 32*l + 65 - 6. Let v be n(0). Calculate the greatest common divisor of v and 261.
29
Let k(t) be the third derivative of t**5/10 - t**4 - 2*t**3/3 - 8*t**2. Let q be k(9). Calculate the greatest common divisor of 19 and q.
19
Suppose -7*u + 2349 = -4*u. Suppose 8*z - 17*z = -u. Suppose -5*w = -w + 2*d - 178, -3*d + z = 2*w. Calculate the highest common factor of w and 9.
9
Let r(p) = -2*p - 12. Let w be r(-6). Suppose 5*z = 3*k + 409, 0 = 3*z + k - w*k - 251. Let v = z + -58. Calculate the highest common divisor of v and 5.
5
Let v(h) = 22565*h - 428. Let w be v(1). Calculate the greatest common divisor of 141 and w.
141
Let q(r) = r**2 + 18*r - 87. Let p be (55/11 + 4)/((-1)/3). Let g be q(p). Calculate the highest common divisor of 96 and g.
12
Let s = -8111 - -8339. What is the greatest common factor of s and 156?
12
Suppose 0 = 5*t + 5, 0 = q + 12*t - 8*t - 68. Calculate the greatest common factor of 112 and q.
8
Suppose 89*j - 11443 - 12587 = 0. Calculate the greatest common divisor of 10 and j.
10
Suppose -29*m = 8146 - 43381. What is the greatest common factor of m and 315?
45
Suppose -4051*u = -4065*u + 104146. What is the greatest common divisor of u and 173?
173
Suppose -l + b - 8 = -2*b, 4*l - 19 = -5*b. Let f be (98 - 0/l) + 2. Calculate the highest common factor of 30 and f.
10
Suppose -233*h - 424 = -235*h - 2*m, 4*h + 3*m = 841. Calculate the highest common divisor of 9389 and h.
41
Let u(c) = -5*c + 305. Suppose j - 34*q - 72 = -38*q, -j - q + 60 = 0. Let p be u(j). Calculate the highest common factor of p and 20.
5
Let v(c) = -2*c**2 - 76*c + 52. Let b be v(-38). What is the highest common divisor of b and 5?
1
Let c(y) be the first derivative of 2*y**3/3 + 24*y**2 + 61*y - 304. Let t be c(-23). Calculate the greatest common divisor of 27 and t.
3
Suppose 8*c + 5*c - 1232 = 5*c. Calculate the highest common divisor of 448 and c.
14
Let q = 1967 + -1783. Let u be -3 - -3 - -2 - -2. Suppose k - 4*j = 3, 6*k - 3*j = u*k + 31. Calculate the greatest common factor of q and k.
23
Suppose -o - 137 = -4*x, 0 = x + 5*o - 79 + 8. What is the highest common divisor of 64 and x?
4
Suppose -262 = -2*a + 5*j, 0 = -3*a + 6*a - j - 380. Calculate the greatest common divisor of 1302 and a.
42
Let m = 31 + 2. Suppose -10 = -j + 2*h, 2*j + 6*h - 2*h + 20 = 0. Let r be (j + -44)/(-14 - -10). What is the highest common divisor of m and r?
11
Let h be ((-14)/42)/(2*3/90) + 36. Let k = 64 + -33. Calculate the greatest common divisor of h and k.
31
Let p be 6565 - 2 - (12/7)/((-8)/(-28)). What is the greatest common factor of p and 249?
83
Suppose 5*i = 3*k + 2785, 5*k - 2265 = 3*i - 7*i. Let c = i - 484. What is the greatest common factor of 4 and c?
4
Suppose -6*g = -7*g + 1. Suppose -5*h = -13*h + 208. Let l be (h + (2 - 1))*g. Calculate the highest common factor of 27 and l.
27
Let q be (-3)/(0 - (-2)/(-28)). Let s be 1236/14 - 12/q. Let u = s + -58. Calculate the highest common divisor of 120 and u.
30
Let n(o) = -o**2 + 6 - 7*o - 23*o**3 + 10*o**3 + 10*o**3 + 2*o**3. Let d be n(0). What is the highest common divisor of 498 and d?
6
Let s be 25/15*(-2976)/(-4). Calculate the greatest common divisor of 93 and s.
31
Let q(i) = 7*i + 3. Suppose -5*l + 2*c - 7 = 0, -4*l = -l - c + 4. Let o be q(l). Let j be (-12)/2*(22/o + 5). What is the greatest common divisor of j and 12?
3
Suppose -2 + 0 = r - q, 0 = -5*r - 2*q + 4. Let d = -336 - -496. Suppose 2*i - d = -r*i. What is the highest common factor of i and 32?
16
Let s(c) = 5*c**2 - 20*c + 11. Let r be ((-176)/(-6))/11*3. Let m be s(r). Calculate the greatest common divisor of m and 18.
9
Suppose -4*o + 1448 = 3*m + 372, 5*m = -20. Calculate the highest common factor of o and 646.
34
Let c = 4248 + -4218. Let h(o) = -3*o**2 + 4*o - 5. Let n be h(8). Let y be n*3*10/(-15). Calculate the greatest common factor of y and c.
30
Suppose 3859*c = 3795*c + 788480. What is the greatest common divisor of 10 and c?
10
Let v = -14346 + 18468. Calculate the highest common factor of v and 126.
18
Let n be 1/(-4) + (-130)/(-8). Let i be (-2)/24 + (-770)/(-24). Let x(v) = -v + 40. Let k be x(i). Calculate the greatest common factor of k and n.
